it of 384234?
3
What is the units digit of 52789?
9
What is the ten thousands digit of 4326097?
2
What is the thousands digit of 4286384?
6
What is the hundred thousands digit of 16614752?
6
What is the units digit of 26715967?
7
What is the thousands digit of 767238?
7
What is the ten thousands digit of 395713?
9
What is the thousands digit of 2610893?
0
What is the millions digit of 9084151?
9
What is the tens digit of 302319?
1
What is the ten thousands digit of 446368?
4
What is the units digit of 375993?
3
What is the units digit of 17162878?
8
What is the thousands digit of 23787537?
7
What is the hundred thousands digit of 4849116?
8
What is the thousands digit of 10687982?
7
What is the tens digit of 1447079?
7
What is the units digit of 3876387?
7
What is the units digit of 24540536?
6
What is the millions digit of 20178400?
0
What is the thousands digit of 98586?
8
What is the thousands digit of 306646?
6
What is the thousands digit of 508708?
8
What is the hundred thousands digit of 973972?
9
What is the ten thousands digit of 19124?
1
What is the thousands digit of 7750?
7
What is the thousands digit of 16307383?
7
What is the hundreds digit of 703520?
5
What is the millions digit of 2318685?
2
What is the hundred thousands digit of 811171?
8
What is the units digit of 417336?
6
What is the units digit of 112757?
7
What is the tens digit of 759937?
3
What is the hundreds digit of 170235?
2
What is the ten thousands digit of 174396?
7
What is the units digit of 7466987?
7
What is the tens digit of 3832590?
9
What is the hundreds digit of 310708?
7
What is the thousands digit of 14979294?
9
What is the hundreds digit of 15288005?
0
What is the ten thousands digit of 464211?
6
What is the units digit of 1896263?
3
What is the hundreds digit of 6583848?
8
What is the thousands digit of 1007612?
7
What is the tens digit of 1791889?
8
What is the tens digit of 20474791?
9
What is the ten thousands digit of 1614372?
1
What is the hundreds digit of 2102?
1
What is the units digit of 8208613?
3
What is the millions digit of 1064294?
1
What is the thousands digit of 1591139?
1
What is the hundred thousands digit of 1942427?
9
What is the hundred thousands digit of 739946?
7
What is the ten thousands digit of 42208?
4
What is the hundred thousands digit of 117820?
1
What is the ten thousands digit of 6804730?
0
What is the hundred thousands digit of 127408?
1
What is the hundreds digit of 767702?
7
What is the thousands digit of 724069?
4
What is the ten thousands digit of 1190713?
9
What is the tens digit of 114116?
1
What is the tens digit of 195410?
1
What is the millions digit of 33810645?
3
What is the millions digit of 2105779?
2
What is the thousands digit of 7248986?
8
What is the hundreds digit of 6737613?
6
What is the hundreds digit of 2041321?
3
What is the tens digit of 3041644?
4
What is the hundred thousands digit of 235743?
2
What is the tens digit of 1539252?
5
What is the millions digit of 16701327?
6
What is the tens digit of 17196967?
6
What is the units digit of 319918?
8
What is the units digit of 247260?
0
What is the thousands digit of 774459?
4
What is the thousands digit of 896104?
6
What is the thousands digit of 7345741?
5
What is the hundred thousands digit of 193877?
1
What is the tens digit of 488050?
5
What is the hundred thousands digit of 1513516?
5
What is the tens digit of 17771556?
5
What is the units digit of 4366949?
9
What is the ten thousands digit of 553527?
5
What is the thousands digit of 1224984?
4
What is the hundred thousands digit of 9955417?
9
What is the thousands digit of 12127?
2
What is the millions digit of 3289858?
3
What is the tens digit of 28189?
8
What is the ten thousands digit of 245987?
4
What is the hundred thousands digit of 7712139?
7
What is the ten thousands digit of 5409024?
0
What is the units digit of 342812?
2
What is the units digit of 1246342?
2
What is the thousands digit of 9313688?
3
What is the thousands digit of 36736?
6
What is the thousands digit of 7730385?
0
What is the ten thousands digit of 142747?
4
What is the thousands digit of 25530903?
0
What is the units digit of 220148?
8
What is the ten thousands digit of 1779014?
7
What is the hundreds digit of 1971613?
6
What is the tens digit of 1605993?
9
What is the thousands digit of 988233?
8
What is the thousands digit of 585652?
5
What is the hundreds digit of 3331098?
0
What is the units digit of 15521554?
4
What is the ten thousands digit of 19625114?
2
What is the units digit of 658200?
0
What is the hundreds digit of 336156?
1
What is the units digit of 1079371?
1
What is the thousands digit of 487710?
7
What is the units digit of 14184017?
7
What is the ten thousands digit of 21728533?
2
What is the ten thousands digit of 16199272?
9
What is the units digit of 6083859?
9
What is the tens digit of 322297?
9
What is the thousands digit of 194320?
4
What is the hundreds digit of 2785820?
8
What is the millions digit of 3220280?
3
What is the thousands digit of 43244747?
4
What is the units digit of 3087082?
2
What is the units digit of 809760?
0
What is the ten thousands digit of 176738?
7
What is the thousands digit of 4240794?
0
What is the hundred thousands digit of 829645?
8
What is the ten thousands digit of 202335?
0
What is the tens digit of 1149170?
7
What is the units digit of 3230691?
1
What is the millions digit of 3539318?
3
What is the hundreds digit of 18108241?
2
What is the ten thousands digit of 183673?
8
What is the tens digit of 60953?
5
What is the tens digit of 16273986?
8
What is the ten thousands digit of 7021839?
2
What is the ten thousands digit of 190637?
9
What is the tens digit of 268298?
9
What is the ten thousands digit of 2465490?
6
What is the hundred thousands digit of 645688?
6
What is the tens digit of 4340566?
6
What is the tens digit of 2630972?
7
What is the millions digit of 1135046?
1
What is the hundreds digit of 25861857?
8
What is the tens digit of 969147?
4
What is the ten thousands digit of 231585?
3
What is the thousands digit of 9977081?
7
What is the ten thousands digit of 4302562?
0
What is the thousands digit of 255650?
5
What is the thousands digit of 14983466?
3
What is the thousands digit of 1914019?
4
What is the thousands digit of 805424?
5
What is the ten thousands digit of 3826356?
2
What is the thousands digit of 1100446?
0
What is the hundred thousands digit of 383949?
3
What is the thousands digit of 1952780?
2
What is the hundred thousands digit of 7516286?
5
What is the tens digit of 3027228?
2
What is the tens digit of 4093987?
8
What is the tens digit of 190939?
3
What is the units digit of 873677?
7
What is the units digit of 63769?
9
What is the ten thousands digit of 349186?
4
What is the tens digit of 492874?
7
What is the millions digit of 6846676?
6
What is the ten thousands digit of 96184?
9
What is the tens digit of 1033197?
9
What is the ten thousands digit of 11345?
1
What is the millions digit of 23786571?
3
What is the ten millions digit of 15299872?
1
What is the ten millions digit of 12694964?
1
What is the units digit of 3490409?
9
What is the ten thousands digit of 19809?
1
What is the thousands digit of 501900?
1
What is the ten thousands digit of 13371928?
7
What is the units digit of 527714?
4
What is the hundreds digit of 1721175?
1
What is the thousands digit of 6951?
6
What is the tens digit of 2286399?
9
What is the units digit of 856841?
1
What is the units digit of 3413?
3
What is the hundred thousands digit of 146897?
1
What is the units digit of 22106187?
7
What is the hundreds digit of 1062179?
1
What is the tens digit of 2443091?
9
What is the thousands digit of 2394215?
4
What is the hundred thousands digit of 610847?
6
What is the units digit of 416520?
0
What is the thousands digit of 615591?
5
What is the hundred thousands digit of 6519041?
5
What is the hundreds digit of 134533?
5
What is the millions digit of 1479236?
1
What is the hundred thousands digit of 14396512?
3
What is the hundreds digit of 600793?
7
What is the tens digit of 53780?
8
What is the thousands digit of 300356?
0
What is the units digit of 1749926?
6
What is the tens digit of 1380032?
3
What is the hundreds digit of 3498791?
7
What is 